 8, what is 22550427 + 4?
22550433
In base 13, what is -81473 + -7c?
-81522
In base 8, what is -1 - 10473562?
-10473563
In base 13, what is b - 9542c4?
-9542b6
In base 11, what is -9367 - -38aa7?
2a740
In base 4, what is 312320 + -2330?
303330
In base 10, what is -34 - -15149977?
15149943
In base 13, what is 508a0 + 34a?
50c1a
In base 11, what is 3229a7a - 4?
3229a76
In base 8, what is -10032027 - -1?
-10032026
In base 13, what is 7c8b + -425a?
3a31
In base 3, what is -202202 - -2001120121202?
2001112212000
In base 16, what is -57a5 + 104d?
-4758
In base 16, what is -2a - f7558b?
-f755b5
In base 12, what is 20747 - -427?
20b72
In base 9, what is 12118 - -3852?
16071
In base 16, what is -1 - a67357?
-a67358
In base 15, what is -7acb + 3700?
-43cb
In base 7, what is 2502 + 1562456?
1565261
In base 9, what is -51841435 + 11?
-51841424
In base 5, what is 2142230 + -1403?
2140322
In base 13, what is -8 - -2c4b495?
2c4b48a
In base 9, what is 40030 + 14?
40044
In base 2, what is -1101101 + -10010011101101011100000?
-10010011101101101001101
In base 8, what is 1437501 + 36?
1437537
In base 7, what is 10005653 - -13?
10005666
In base 16, what is 1 - 16ab8613?
-16ab8612
In base 7, what is 65314045 - -404?
65314452
In base 5, what is 21012143 - 11430?
21000213
In base 9, what is 26878 - -21484?
48473
In base 3, what is -120012110121012 - 111?
-120012110121200
In base 14, what is 15a - -398b?
3b07
In base 9, what is 1604784 - 13?
1604771
In base 12, what is 6266028 - 2?
6266026
In base 13, what is 69835 - -11?
69846
In base 12, what is -4aaa6 - -763?
-4a343
In base 3, what is 111222201 - 1010000?
110212201
In base 4, what is 2 + 1101313122113?
1101313122121
In base 10, what is 427 + -143559?
-143132
In base 8, what is 1702 + 2543?
4445
In base 8, what is -2 + -537161641?
-537161643
In base 6, what is -112433 - -21224?
-51205
In base 2, what is -1010101001111010001111110011 + -101?
-1010101001111010001111111000
In base 5, what is 3 - 113413212432?
-113413212424
In base 9, what is 4540 + -666?
3763
In base 9, what is 70 + 246784?
246864
In base 13, what is -79635 + 28?
-7960a
In base 5, what is -100244212 - -12?
-100244200
In base 14, what is -1932 - -62?
-18b0
In base 4, what is -12031012310021 + 1?
-12031012310020
In base 12, what is -82960 + 63?
-828b9
In base 13, what is 5 + 18262a2?
18262a7
In base 8, what is -222315 + -6?
-222323
In base 11, what is 15a78758 - 4?
15a78754
In base 11, what is 49 + 698917?
698965
In base 6, what is -1054024 - -122?
-1053502
In base 11, what is 13624a - 48?
136202
In base 3, what is -20100221 + -2001110?
-22102101
In base 9, what is -16 - -1258661?
1258644
In base 5, what is 132420342 + 400?
132421242
In base 16, what is -988 + 7fa?
-18e
In base 13, what is 231abc3 - -a?
231ac00
In base 2, what is -1001 + 100011001111011011110?
100011001111011010101
In base 9, what is -7 + 62806750?
62806742
In base 5, what is -2 - -310322031?
310322024
In base 7, what is -11152 - -100042?
55560
In base 7, what is -25164 + 10001?
-15163
In base 10, what is -1429 + -48729?
-50158
In base 5, what is -13002101322 - -2?
-13002101320
In base 12, what is 1401b6 - 4?
1401b2
In base 12, what is 5764b5a + 6?
5764b64
In base 2, what is 100010100001111000 - -111010?
100010100010110010
In base 14, what is 16 + -1554a3?
-15548b
In base 4, what is 2 - 2033103123312?
-2033103123310
In base 3, what is -1121122121 + 120112122?
-1001002222
In base 11, what is -211820 - 10?
-211830
In base 15, what is -e5c9c - 2a?
-e5cc7
In base 14, what is 0 + -20c923cb?
-20c923cb
In base 3, what is -10020021122002 - -21?
-10020021121211
In base 3, what is -1 + -2010021120001111?
-2010021120001112
In base 9, what is 3774355 + 35?
3774401
In base 5, what is 1001231344 + 0?
1001231344
In base 5, what is -4 - -222130011?
222130002
In base 10, what is -7 + -173879?
-173886
In base 8, what is -6010 - 10636?
-16646
In base 11, what is 5377a0 - 147?
537654
In base 5, what is -3 - -4333222302?
4333222244
In base 3, what is -12 + 2212002102001221?
2212002102001202
In base 13, what is 0 + 25c382?
25c382
In base 2, what is -10 + 10010101011101010001010100?
10010101011101010001010010
In base 6, what is 30 + 25145125?
25145155
In base 15, what is -ee0 + 864?
-67b
In base 11, what is -4 + -2104569?
-2104572
In base 7, what is -1031332643 + -1?
-1031332644
In base 5, what is -1 + 1234130220?
1234130214
In base 16, what is 97af1 + 54?
97b45
In base 9, what is -520 - -53300?
52670
In base 12, what is -44bb1300 - 0?
-44bb1300
In base 13, what is a5a20 + 1b?
a5a3b
In base 13, what is 6451 - -166?
65b7
In base 14, what is -b + -204810?
-20481b
In base 3, what is 212100101120011020 + -11?
212100101120011002
In base 9, what is 202 - -4475?
4677
In base 12, what is -300401 + 21?
-3003a0
In base 15, what is 878c0 - 565?
8735a
In base 4, what is -121000011 - -12030?
-120321321
In base 2, what is 100 - 10000101111010001001111?
-10000101111010001001011
In base 9, what is -5317736 + -14?
-5317751
In base 2, what is -11011110 - -1010000101011010101110?
1010000101010111010000
In base 4, what is -2110320310 + 10002?
-2110310302
In base 14, what is 2da34b - -27?
2da374
In base 14, what is 2 + -d357468?
-d357466
In base 12, what is -25321559a - 4?
-2532155a2
In base 12, what is 7a - -582a18?
582a96
In base 4, what is -222002001 + -111321?
-222113322
In base 12, what is 51 + -a2b04?
-a2a73
In base 15, what is a7d + 3c869?
3d3e7
In base 12, what is b + -b6398?
-b6389
In base 2, what is 1 + 111101010001100101100110000?
111101010001100101100110001
In base 4, what is -100003123211022 - -11?
-100003123211011
In base 15, what is -7 + -94c65?
-94c6c
In base 3, what is 222201001121020102 + 11?
222201001121020120
In base 9, what is 3 - -46200657?
46200661
In base 4, what is -1110023 + -1121?
-1111210
In base 10, what is 566 + -66143?
-65577
In base 12, what is -553aa1 - 3?
-553aa4
In base 15, what is -5 + 60a9d?
60a98
In base 9, what is 68412445 + -2?
68412443
In base 5, what is 10042430 - -41122?
10134102
In base 4, what is -12232022311 - 130?
-12232023101
In base 12, what is -4 - -7414a1?
741499
In base 8, what is 3 + -166053651?
-166053646
In base 11, what is a41aa59 + 13?
a41aa71
In base 10, what is -7575 - -2169?
-5406
In base 9, what is 12521184 - -5?
12521200
In base 10, what is 4 - 3887638?
-3887634
In base 2, what is -1110000101001010101110111101 - -1?
-1110000101001010101110111100
In base 9, what is -33 + 3357?
3324
In base 3, what is -1022110 + 2022022121?
2021000011
In base 10, what is 14883627 + 4?
14883631
In base 3, what is -2101122222010122 + 0?
-2101122222010122
In base 6, what is 1120 - 5504045?
-5502525
In base 12, what is 1210 + 6455?
7665
In base 7, what is -310 + 5321?
5011
In base 4, what is -21010 + 231221?
210211
In base 2, what is -1100011101100001011101 + -1011?
-1100011101100001101000
In base 9, what is -43846625 + 4?
-43846621
In base 10, what is 5380823 + 4?
5380827
In base 10, what is -76 - 184516?
-184592
In base 10, what is -20589 - 2626?
-23215
In base 16, what is -bd7e3 + 3?
-bd7e0
In base 3, what is 22220120011 - 11222?
22220101012
In base 11, what is -a76192 + 3?
-a7618a
In base 5, what is 3 + 222003304?
222003312
In base 13, what is 2639 + -1c6c?
69a
In base 2, what is 1000 + -10110100010010001010?
-10110100010010000010
In base 9, what is -1 + 2567642?
2567641
In base 3, what is -11012012210 - 20222?
-11012110202
In base 2, what is 1001001110010011101 - 100?
1001001110010011001
In base 9, what is 32401 + 2170?
34571
In base 12, what is -44024 + 375?
-4386b
In base 3, what is -10110222 - -110201021?
100020022
In base 6, what is 1250512301 + -4?
1250512253
In base 4, what is 3 + -2130012132?
-2130012123
In base 6, what is -1454105321 - 3?
-1454105324
In base 13, what is -14a + 5301?
5184
In base 2, what is -111011000111 + -10001101001100?
-11001000010011
In base 15, what is 29272 + -161?
29111
In base 15, what is -8c935 - 2?
-8c937
In base 15, what is -1766 - 1d?
-1784
In base 16, what is 55c0c8 - 45?
55c083
In base 9, what is -3070 + 23?
-3046
In base 8, what is 5004044226 + 5?
5004044233
In base 6, what is -514 - -33450412?
33445454
In base 8, what is 351 + 203705?
204256
In base 2, what is 1000011010010001010000 - -10010?
1000011010010001100010
In base 7, what is 22233252